r?
False
Is 218656093 a composite number?
False
Is 9734160461 composite?
True
Is 32667553 a composite number?
True
Is 3346563323 a composite number?
True
Is 5240840641 a composite number?
True
Is 58584102743 a prime number?
False
Is 5218882973 prime?
True
Is 7604004781 a composite number?
False
Is 1019722719869 prime?
False
Is 1200725489 a prime number?
True
Is 13676527849 a prime number?
True
Is 10531397909 a prime number?
True
Is 309760981 prime?
False
Is 30811777 a prime number?
True
Is 2631609091 prime?
False
Is 418333723 a composite number?
False
Is 158614627 a prime number?
False
Is 3887062039 a composite number?
True
Is 12054958717 prime?
False
Is 1161045323 a prime number?
False
Is 40693330649 prime?
False
Is 25971638183 a composite number?
False
Is 132936631039 a prime number?
False
Is 1829604241 composite?
False
Is 136069737691 a composite number?
True
Is 78955260667 prime?
True
Is 1507179797 composite?
True
Is 5626040293 a prime number?
True
Is 5037526823 prime?
False
Is 3307369621 a composite number?
True
Is 79017944361 composite?
True
Is 9881851387 composite?
True
Is 757336703 composite?
True
Is 168235735 a composite number?
True
Is 4545538451 a prime number?
True
Is 1777344503 composite?
True
Is 142807835813 a composite number?
False
Is 12227933363 a composite number?
True
Is 129123087949 composite?
False
Is 5005167383 a composite number?
False
Is 2007199477 a composite number?
False
Is 66602374391 prime?
False
Is 1068332731 prime?
False
Is 3062403571 a composite number?
True
Is 61084417 a prime number?
False
Is 484815347 a composite number?
True
Is 131759155703 a composite number?
True
Is 4101405845 prime?
False
Is 13123695829 a composite number?
True
Is 3838929901 a prime number?
False
Is 1112516257 a prime number?
True
Is 3981716903 a prime number?
True
Is 1064655773 a composite number?
False
Is 673408067 a composite number?
True
Is 1106150653 composite?
True
Is 752410483 composite?
True
Is 7268622659 composite?
False
Is 265011917 a composite number?
True
Is 671838866 prime?
False
Is 176980249 a composite number?
True
Is 14679955451 a composite number?
True
Is 853723699 a composite number?
False
Is 438369317 a composite number?
False
Is 3590630609 composite?
False
Is 35187620257 prime?
True
Is 2017320239 a prime number?
False
Is 1413837571 composite?
False
Is 5370200791 prime?
True
Is 511897541 prime?
True
Is 3123670817 a prime number?
True
Is 605359319 a composite number?
False
Is 14752368221 prime?
False
Is 254505793 prime?
False
Is 342136369 prime?
False
Is 163982573 composite?
True
Is 12947459773 prime?
True
Is 9668517013 composite?
True
Is 15845293 a composite number?
True
Is 764811301 a prime number?
False
Is 209406793 prime?
True
Is 1890786721 composite?
True
Is 551225573 a composite number?
False
Is 6377764147 a composite number?
False
Is 64641651 composite?
True
Is 31343471 prime?
False
Is 265719761 a composite number?
True
Is 43353595187 composite?
True
Is 66189416083 a composite number?
True
Is 54896803763 a composite number?
True
Is 1006083935 a composite number?
True
Is 755103781 composite?
True
Is 8409729487 prime?
True
Is 1083298589 composite?
False
Is 16053354349 prime?
True
Is 101107548809 a prime number?
False
Is 54901454333 a prime number?
False
Is 1340640631 a prime number?
False
Is 2160648851 prime?
False
Is 1394855183 composite?
False
Is 9138203573 a prime number?
False
Is 605331943 prime?
True
Is 292660369 prime?
False
Is 1016033411 a composite number?
False
Is 109583958457 a prime number?
True
Is 16694268341 a composite number?
True
Is 394592453 a composite number?
True
Is 22787139169 composite?
False
Is 463909399 a prime number?
False
Is 14969451571 composite?
True
Is 1267778651 a composite number?
True
Is 3226958677 a composite number?
False
Is 2351258551 prime?
True
Is 10650692597 prime?
True
Is 146952096353 a prime number?
True
Is 5553136991 prime?
False
Is 3783047257 a composite number?
True
Is 10244423821 a composite number?
False
Is 993008183 prime?
False
Is 16364151511 prime?
True
Is 46260679 a prime number?
False
Is 49385222373 prime?
False
Is 319043113 a composite number?
True
Is 3365883569 a composite number?
False
Is 26213090413 a composite number?
False
Is 1280172149 prime?
False
Is 13476783413 composite?
False
Is 26594564135 a prime number?
False
Is 29872338893 a prime number?
True
Is 15340017557 prime?
True
Is 48755279 prime?
False
Is 27074166703 composite?
True
Is 34270787377 composite?
True
Is 115857339161 a prime number?
True
Is 7715251403 prime?
False
Is 469265611 a composite number?
False
Is 14665193483 a prime number?
False
Is 136667700661 composite?
True
Is 225281983 composite?
True
Is 140081633 prime?
True
Is 1538241671 prime?
True
Is 5598589679 a composite number?
False
Is 463808149 a prime number?
False
Is 15864704761 a prime number?
False
Is 1510337497 a composite number?
False
Is 21342350903 composite?
False
Is 32550201581 composite?
True
Is 8775829159 composite?
True
Is 6683361297 a prime number?
False
Is 3535903793 a composite number?
True
Is 3824896363 composite?
False
Is 247828513 a prime number?
False
Is 329056493 a composite number?
True
Is 1030803197 composite?
False
Is 4922761979 a prime number?
False
Is 43560062855 a composite number?
True
Is 9660338453 prime?
True
Is 43309482811 a prime number?
False
Is 69876584849 a composite number?
False
Is 426084133 a composite number?
False
Is 3077049397 a prime number?
False
Is 2438523169 a prime number?
False
Is 27639453693 a composite number?
True
Is 3582731939 prime?
False
Is 242480557307 a composite number?
True
Is 2364983287 a composite number?
True
Is 26222439407 prime?
True
Is 457787839 prime?
True
Is 1921698451 prime?
False
Is 95473958045 a prime number?
False
Is 503446927 prime?
False
Is 9444262571 prime?
True
Is 385758059 composite?
True
Is 41647884778 a prime number?
False
Is 26370817651 prime?
True
Is 966175607 a prime number?
True
Is 8115165983 composite?
True
Is 169428247 prime?
True
Is 115311482677 composite?
False
Is 27626020699 prime?
True
Is 527520569 composite?
False
Is 2717142511 a composite number?
True
Is 8930518063 composite?
True
Is 100401299 a prime number?
True
Is 2534463307 composite?
False
Is 43273459153 composite?
False
Is 8989320958 a prime number?
False
Is 227755343 a composite number?
True
Is 7015017731 a prime number?
True
Is 163014197 composite?
True
Is 851440459 prime?
False
Is 9959953031 composite?
True
Is 358930717321 prime?
False
Is 1843421147 a composite number?
False
Is 6316388677 a composite number?
True
Is 229413907 prime?
False
Is 3171506651 composite?
False
Is 393554891 prime?
False
Is 701011979 prime?
True
Is 180066324227 a prime number?
True
Is 324425237 a prime number?
True
Is 707470151 a composite number?
False
Is 5213793047 a prime number?
False
Is 1449625529 prime?
False
Is 385091063 a composite number?
True
Is 2692279679 a composite number?
True
Is 88325063077 composite?
False
Is 276275683 composite?
False
Is 15635923837 prime?
False
Is 5133648193 composite?
False
Is 12188171 a composite number?
True
Is 241040251409 prime?
False
Is 3719144231 composite?
True
Is 767212393 prime?
True
Is 4292891381 a prime number?
True
Is 881844239 a composite number?
False
Is 877021813 a composite number?
True
Is 8747121443 composite?
False
Is 10895652371 composite?
False
Is 20066910637 a composite number?
True
Is 65957851241 a prime number?
False
Is 3042795685 prime?
False
Is 240675353 a prime number?
True
Is 53259061 prime?
False
Is 1865920507 a prime number?
False
Is 16897540306 prime?
False
Is 4133974213 a prime number?
False
Is 84706715647 a prime number?
True
Is 8177956667 a prime number?
True
Is 754391353 composite?
False
Is 48103968153 prime?
False
Is 1521186499 prime?
False
Is 2629466729 a composite number?
False
Is 377196709 a composite number?
False
Is 1974109637 a composite number?
False
Is 157779197 composite?
False
Is 1001023729 prime?
False
Is 295489739 a composite number?
False
Is 963859357 composite?
False
Is 1259364983 a composite number?
False
Is 269004376079 prime?
True
Is 43285457947 prime?
True
Is 4304651873 prime?
False
Is 850630849 a composite number?
False
Is 495143081 a prime number?
True
Is 6040757399 a composite number?
False
Is 769854629 a composite number?
Fals